 = -6 - i. Let g = -66 + 161. Calculate the highest common divisor of g and x.
19
Suppose 0 = 2*r + r + 4*u - 82, 8 = -4*u. Let a be (56/(-10))/((-6)/r). Let g be (112/40)/(3/210). What is the highest common factor of a and g?
28
Suppose 1778 = a - 4*k, -23 + 23 = -4*k. Calculate the greatest common divisor of a and 28.
14
Let o be ((-7)/2 - -2)*((-6)/(-2) - 7). Calculate the highest common divisor of 282 and o.
6
Let b(i) = -23*i + 479. Let q be b(19). Let s(y) = y - 2. Let j be s(4). Let w = j + 22. What is the highest common factor of w and q?
6
Let u be 3 - (15/3 + -1237). Let i be (-11 + u/(-15))*(-9)/4. What is the greatest common divisor of 42 and i?
42
Let c = 204 - 114. Let w = c + -204. Let h be (-501)/(-5) + (w/(-30) - 4). Calculate the greatest common factor of 40 and h.
20
Let a = -87 + 81. Let s(k) = k**3 + 9*k**2 - 6*k + 2. Let m be s(a). Let b = 289 - m. What is the greatest common divisor of b and 11?
11
Let u = 15631 - 9006. What is the greatest common divisor of u and 1060?
265
Let i be 8 - 13 - (10/(-30))/(3/261). What is the highest common factor of i and 465?
3
Suppose 0 = 3*v + 4*k - 108, 12 = 2*v - 2*k - 60. Let g(f) = -f**2 - 67*f - 240. Let d be g(-60). Calculate the highest common factor of v and d.
36
Let h be (-1)/6*2 - 1876/(-84). What is the greatest common factor of 94 and h?
2
Suppose -140*c = 124*c - 174240. What is the greatest common divisor of c and 2280?
60
Suppose 4*t = -0*t + 32. Suppose 66*u - 35*u = 28*u + 336. What is the greatest common divisor of u and t?
8
Let v = 129 + -127. Suppose v*o - 2*a = 296, -308 = -2*o - 9*a + 5*a. What is the highest common divisor of o and 6?
6
Let q be 4*(3 + -2)*1. Suppose -3*v = -5*w + 81, -2*v = w - 5 - 6. Suppose w*s + 2 = 92. Calculate the greatest common divisor of q and s.
2
Let l = 56 + -75. Let d be 2/l + ((-69632)/(-152) - -1). What is the highest common factor of 51 and d?
51
Suppose 2*y + g - 19 = 0, y - 11 + 1 = -g. Let p be (y - 0)*(-1 + 2). Let f be 0 + (33/2)/(p/18). Calculate the greatest common factor of 22 and f.
11
Suppose 23*b - 1426 = -230. Calculate the highest common factor of b and 481.
13
Let t = -108 + 29. Let k = 84 + t. Calculate the greatest common divisor of 25 and k.
5
Suppose -2*j + 66 = -4*q, q = 8*j - 5*j - 9. Let m be ((-60)/q + 0)*153/5. Calculate the greatest common factor of 238 and m.
34
Let v = 28 + -5. Let y be (2 - 27/6)*(-36)/30. Suppose -3*m = n - 69, 4*m + y*n - 110 + 18 = 0. Calculate the highest common factor of v and m.
23
Suppose -147*x + 123*x = -1536. What is the greatest common divisor of x and 192?
64
Let m = 7275 + -2914. What is the greatest common divisor of 98 and m?
49
Suppose -27*z + 40848 = 19*z. What is the greatest common divisor of z and 518?
74
Let w be (-776)/(-72) + 2/9*1. Let f(g) = g + 6. Let s be f(-8). Let n(m) = -32*m + 2. Let j be n(s). What is the highest common divisor of j and w?
11
Let k = 3459 + -3385. What is the greatest common divisor of k and 3?
1
Suppose -2*o = -7*o. Suppose 3*x - r + 2*r = 33, 4*x - 5*r - 63 = o. Calculate the greatest common factor of x and 36.
12
Suppose -129*j + 158*j = 176436. What is the greatest common divisor of j and 39?
39
Suppose 3*v - 12*x + 11*x = 1636, 4*v + x - 2172 = 0. Suppose v*c + 22 = 545*c. Calculate the highest common factor of c and 110.
22
Let x(l) = l**2 + 46*l + 96. Let y be x(-2). Calculate the highest common divisor of 27 and y.
1
Let a be (-1)/(-2) - 55/(-2). Let m be ((-3)/9)/(7/(-588)). Suppose -504 = m*w - 40*w. Calculate the greatest common factor of a and w.
14
Let z(x) = -27*x. Let v be z(-6). Let u be (-14970)/(-1996) + 3/(-2). What is the highest common factor of u and v?
6
Let g = 7656 + -1716. Calculate the highest common divisor of 88 and g.
44
Suppose -2*o + 4*d - 328 = 374, 4*o - 5*d = -1398. Let w = o + 355. What is the highest common divisor of 3 and w?
1
Let w = 278 - 143. Suppose 0 = -5*i + 3*i + 5*h - 15, i - 2*h + 5 = 0. Let x be i - (7 + -13) - -4. What is the greatest common divisor of w and x?
15
Suppose 4*j = 15*j - 55. Suppose 0 = 2*q - 5*y - 229 - 796, 0 = j*q + 5*y - 2615. What is the greatest common divisor of q and 40?
40
Suppose -41*d + 5*d = 65*d - 108878. Calculate the greatest common divisor of d and 1274.
98
Suppose 2*m - 5846 = -4*h, -213*m + 14636 = -208*m + 3*h. What is the greatest common factor of m and 101?
101
Let b = 150 - 148. Suppose -n + 29 = -h - 15, 2*h - 80 = -b*n. What is the greatest common divisor of 14 and n?
14
Let n(u) = 486*u + 7460. Let s be n(-15). Let g = 33 - 13. Calculate the highest common divisor of s and g.
10
Let q = -63 - -65. Suppose -172 = -q*y + 2*v, v + 4*v = y - 90. Let d = y - 53. What is the greatest common divisor of d and 48?
16
Suppose -2*l = l - 5*r - 92, 4*l - 5*r = 116. Let q(h) = h**3 + 4*h**2 - 12*h - 2. Let t be q(-5). Let n = t - 17. What is the highest common factor of l and n?
8
Let m = 742 + -1838. Let z be 24/60 - m/10. What is the greatest common factor of 20 and z?
10
Let v be (-47)/(-4) + -2 + (-20)/(-16). Suppose 1106 = 4*k + 2*j + 140, -3*k + 5*j = -731. Calculate the greatest common factor of k and v.
11
Let i = -8537 + 10643. Calculate the highest common divisor of 126 and i.
18
Let p be ((-980)/(-80) - 11)*132. Calculate the greatest common divisor of 4565 and p.
55
Let q = -190 - -145. Let x be 1/3 - 24735/q. Calculate the greatest common divisor of x and 50.
50
Suppose 2*f + 0*f - 18 = 0. Suppose -4*v - 3*i = 85 - 319, 5*v - 3*i - 333 = 0. What is the greatest common divisor of v and f?
9
Suppose 277*k - 299*k + 16874 = 0. Let s be ((-2)/8 + -3)*-4. What is the highest common factor of s and k?
13
Let z(p) = p + 13. Let k be z(-6). Suppose -10*m - 2449 = -5979. Let s = 430 - m. Calculate the highest common factor of k and s.
7
Let q be (-6)/15 + 8/(-5). Let f be (-44)/(q*(-1)/(-2)). Let d be 4 + (-84)/9 + 10 + (-4)/6. Calculate the highest common factor of f and d.
4
Suppose -4*a - 700 = -3*b, 2*b + 0*a = 5*a + 476. Calculate the greatest common divisor of 152 and b.
76
Suppose -175*t + 1977 = 87*t - 1429. Suppose 9 + 57 = -3*f. Let z be (f/4 - 1)*-6. Calculate the highest common factor of t and z.
13
Suppose 181*r + 170 = 4*b + 183*r, -4*b + r + 155 = 0. Calculate the greatest common factor of b and 115.
5
Suppose -12712 = 196*r - 50344. Calculate the greatest common divisor of r and 2352.
48
Let z(c) = c - 32 - 29 - 33 + c**2 + 88. Let d be z(5). Calculate the highest common divisor of d and 104.
8
Suppose 74826 + 65365 = 9*w - 107273. Calculate the greatest common divisor of w and 56.
56
Let c(i) = -i**2 - 692. Let w be c(0). Let o = -512 - w. Calculate the highest common divisor of 72 and o.
36
Let v be (4 + (-29)/7)*-21. Suppose -d + 13 = -v. Calculate the highest common factor of d and 272.
16
Let p be -1 - 8/((-40)/15). Let u = 5 - -13. Calculate the greatest common factor of p and u.
2
Let q = -128 + 204. Let w = q - 66. Calculate the greatest common divisor of 30 and w.
10
Suppose 0 = 6*m + 148 - 328. Suppose -5*t + 41 = 2*i + 15, 4*t + 4*i = 28. Suppose -3*o + 210 = t*o. Calculate the highest common factor of m and o.
30
Let n(v) = v**3 + 18*v**2 + 9*v - 12. Let q be n(-10). Suppose -11*m = -q - 1271. Calculate the highest common divisor of 1 and m.
1
Suppose 24 = 2*k + 2. Suppose -193 - 14 = -69*n. Suppose n*d - 60 = -4*v + 109, 2*v = 4*d - 218. What is the highest common divisor of d and k?
11
Let i = -121 - -229. Let o = i + -3. Calculate the greatest common divisor of o and 21.
21
Let z = 29 + 5. Let p(l) = -3*l**2 + 80*l + 54. Let c be p(0). Let r = z + c. What is the highest common factor of r and 22?
22
Suppose -5 = 5*j + 365. Let b = -20 - j. Let g be 1/((-2)/3)*(-72)/18. What is the highest common factor of b and g?
6
Let p(j) = -193*j + 60. Let h be p(-15). Let g be h*1/8 - 9/24. Calculate the greatest common divisor of g and 82.
41
Suppose -6*l - 3*a = -3*l - 1956, l - 646 = -4*a. Calculate the highest common divisor of 763 and l.
109
Let s(p) = 2*p**2 + 10*p - 18. Let g be s(-7). Let c be ((-108)/g)/((-240)/1600). What is the highest common divisor of 54 and c?
18
Suppose -57*u - 10122 = -2*c - 60*u, -3*c = -3*u - 15153. Calculate the greatest common divisor of c and 15.
15
Suppose 11*m + 4*b - 164 = 10*m, -5*m = b - 820. 